{"id":437,"date":"2024-01-30T12:58:37","date_gmt":"2024-01-30T11:58:37","guid":{"rendered":"https:\/\/psbijouxaccessoires.fr\/?post_type=product&#038;p=437"},"modified":"2024-01-30T12:58:37","modified_gmt":"2024-01-30T11:58:37","slug":"bracelet-pierre-bleu-marbre-perles-swarovski","status":"publish","type":"product","link":"https:\/\/psbijouxaccessoires.fr\/index.php\/produit\/bracelet-pierre-bleu-marbre-perles-swarovski\/","title":{"rendered":"Bracelet Pierre Bleu Marbr\u00e9 Perl\u00e9s Swarovski"},"content":{"rendered":"<p>Bracelet en Pierre Bleu Marbr\u00e9 (Eviter toucher l&rsquo;eau) &amp; Perles Swarovski taille 15cm, Chainette extension 4cm<\/p>\n","protected":false},"excerpt":{"rendered":"<p>Bracelet en Pierre Bleu Marbr\u00e9 (Eviter toucher l&rsquo;eau) &amp; Perles Swarovski taille 15cm, Chainette extension 4cm<\/p>\n","protected":false},"featured_media":403,"comment_status":"open","ping_status":"closed","template":"","meta":[],"product_cat":[26],"product_tag":[],"class_list":{"0":"post-437","1":"product","2":"type-product","3":"status-publish","4":"has-post-thumbnail","6":"product_cat-bracelet","7":"product_shipping_class-standard","9":"first","10":"instock","11":"taxable","12":"shipping-taxable","13":"purchasable","14":"product-type-simple"},"_links":{"self":[{"href":"https:\/\/psbijouxaccessoires.fr\/index.php\/wp-json\/wp\/v2\/product\/437","targetHints":{"allow":["GET"]}}],"collection":[{"href":"https:\/\/psbijouxaccessoires.fr\/index.php\/wp-json\/wp\/v2\/product"}],"about":[{"href":"https:\/\/psbijouxaccessoires.fr\/index.php\/wp-json\/wp\/v2\/types\/product"}],"replies":[{"embeddable":true,"href":"https:\/\/psbijouxaccessoires.fr\/index.php\/wp-json\/wp\/v2\/comments?post=437"}],"wp:featuredmedia":[{"embeddable":true,"href":"https:\/\/psbijouxaccessoires.fr\/index.php\/wp-json\/wp\/v2\/media\/403"}],"wp:attachment":[{"href":"https:\/\/psbijouxaccessoires.fr\/index.php\/wp-json\/wp\/v2\/media?parent=437"}],"wp:term":[{"taxonomy":"product_cat","embeddable":true,"href":"https:\/\/psbijouxaccessoires.fr\/index.php\/wp-json\/wp\/v2\/product_cat?post=437"},{"taxonomy":"product_tag","embeddable":true,"href":"https:\/\/psbijouxaccessoires.fr\/index.php\/wp-json\/wp\/v2\/product_tag?post=437"}],"curies":[{"name":"wp","href":"https:\/\/api.w.org\/{rel}","templated":true}]}}