{"id":392,"date":"2024-01-20T17:52:48","date_gmt":"2024-01-20T16:52:48","guid":{"rendered":"https:\/\/psbijouxaccessoires.fr\/?post_type=product&#038;p=392"},"modified":"2024-01-20T17:55:19","modified_gmt":"2024-01-20T16:55:19","slug":"boucle-doreilles-acetate-rond-suspend-en-chaines","status":"publish","type":"product","link":"https:\/\/psbijouxaccessoires.fr\/index.php\/produit\/boucle-doreilles-acetate-rond-suspend-en-chaines\/","title":{"rendered":"Boucle D&rsquo;oreilles Ac\u00e9tate Rond Suspend En Cha\u00eenes"},"content":{"rendered":"<p>Boucle D&rsquo;oreilles Ac\u00e9tate Rond multi colores\u00a0 Suspend En Cha\u00eenes 7.5cm<\/p>\n","protected":false},"excerpt":{"rendered":"<p>Boucle D&rsquo;oreilles Ac\u00e9tate Rond multi colores\u00a0 Suspend En Cha\u00eenes 7.5cm<\/p>\n","protected":false},"featured_media":388,"comment_status":"open","ping_status":"closed","template":"","meta":[],"product_cat":[16],"product_tag":[],"class_list":{"0":"post-392","1":"product","2":"type-product","3":"status-publish","4":"has-post-thumbnail","6":"product_cat-boucle","7":"product_shipping_class-standard","9":"first","10":"instock","11":"taxable","12":"shipping-taxable","13":"purchasable","14":"product-type-simple"},"_links":{"self":[{"href":"https:\/\/psbijouxaccessoires.fr\/index.php\/wp-json\/wp\/v2\/product\/392","targetHints":{"allow":["GET"]}}],"collection":[{"href":"https:\/\/psbijouxaccessoires.fr\/index.php\/wp-json\/wp\/v2\/product"}],"about":[{"href":"https:\/\/psbijouxaccessoires.fr\/index.php\/wp-json\/wp\/v2\/types\/product"}],"replies":[{"embeddable":true,"href":"https:\/\/psbijouxaccessoires.fr\/index.php\/wp-json\/wp\/v2\/comments?post=392"}],"wp:featuredmedia":[{"embeddable":true,"href":"https:\/\/psbijouxaccessoires.fr\/index.php\/wp-json\/wp\/v2\/media\/388"}],"wp:attachment":[{"href":"https:\/\/psbijouxaccessoires.fr\/index.php\/wp-json\/wp\/v2\/media?parent=392"}],"wp:term":[{"taxonomy":"product_cat","embeddable":true,"href":"https:\/\/psbijouxaccessoires.fr\/index.php\/wp-json\/wp\/v2\/product_cat?post=392"},{"taxonomy":"product_tag","embeddable":true,"href":"https:\/\/psbijouxaccessoires.fr\/index.php\/wp-json\/wp\/v2\/product_tag?post=392"}],"curies":[{"name":"wp","href":"https:\/\/api.w.org\/{rel}","templated":true}]}}