{"id":356,"date":"2023-12-29T19:28:36","date_gmt":"2023-12-29T18:28:36","guid":{"rendered":"https:\/\/psbijouxaccessoires.fr\/?post_type=product&#038;p=356"},"modified":"2024-11-17T18:12:34","modified_gmt":"2024-11-17T17:12:34","slug":"bracelet-de-cheville-cuba-breloque-etoile-lune-perles","status":"publish","type":"product","link":"https:\/\/psbijouxaccessoires.fr\/index.php\/produit\/bracelet-de-cheville-cuba-breloque-etoile-lune-perles\/","title":{"rendered":"Bracelet De Cheville CUBA Breloque Etoil\u00e9 Lune Perles"},"content":{"rendered":"<p>Des coquillages qui viennent de Cuba (Coquillages naturelles) Breloques \u00e9toile, lune, perles Swarovski. Taille 22cm, Cha\u00eenette extension 4.5cm (possibilit\u00e9 prolonger la cha\u00eene)<\/p>\n","protected":false},"excerpt":{"rendered":"<p>Des coquillages qui viennent de Cuba (Coquillages naturelles) Breloques \u00e9toile, lune, perles Swarovski. Taille 22cm, Cha\u00eenette extension 4.5cm (possibilit\u00e9 prolonger&#8230;<\/p>\n","protected":false},"featured_media":408,"comment_status":"open","ping_status":"closed","template":"","meta":[],"product_cat":[18],"product_tag":[],"class_list":{"0":"post-356","1":"product","2":"type-product","3":"status-publish","4":"has-post-thumbnail","6":"product_cat-bracelet-de-cheville","7":"product_shipping_class-standard","9":"first","10":"instock","11":"taxable","12":"shipping-taxable","13":"purchasable","14":"product-type-simple"},"_links":{"self":[{"href":"https:\/\/psbijouxaccessoires.fr\/index.php\/wp-json\/wp\/v2\/product\/356","targetHints":{"allow":["GET"]}}],"collection":[{"href":"https:\/\/psbijouxaccessoires.fr\/index.php\/wp-json\/wp\/v2\/product"}],"about":[{"href":"https:\/\/psbijouxaccessoires.fr\/index.php\/wp-json\/wp\/v2\/types\/product"}],"replies":[{"embeddable":true,"href":"https:\/\/psbijouxaccessoires.fr\/index.php\/wp-json\/wp\/v2\/comments?post=356"}],"wp:featuredmedia":[{"embeddable":true,"href":"https:\/\/psbijouxaccessoires.fr\/index.php\/wp-json\/wp\/v2\/media\/408"}],"wp:attachment":[{"href":"https:\/\/psbijouxaccessoires.fr\/index.php\/wp-json\/wp\/v2\/media?parent=356"}],"wp:term":[{"taxonomy":"product_cat","embeddable":true,"href":"https:\/\/psbijouxaccessoires.fr\/index.php\/wp-json\/wp\/v2\/product_cat?post=356"},{"taxonomy":"product_tag","embeddable":true,"href":"https:\/\/psbijouxaccessoires.fr\/index.php\/wp-json\/wp\/v2\/product_tag?post=356"}],"curies":[{"name":"wp","href":"https:\/\/api.w.org\/{rel}","templated":true}]}}