{"id":349,"date":"2023-12-29T18:50:54","date_gmt":"2023-12-29T17:50:54","guid":{"rendered":"https:\/\/psbijouxaccessoires.fr\/?post_type=product&#038;p=349"},"modified":"2024-01-30T11:58:45","modified_gmt":"2024-01-30T10:58:45","slug":"bague-mi-lune-reglable-elegant-en-pierre-marbre","status":"publish","type":"product","link":"https:\/\/psbijouxaccessoires.fr\/index.php\/produit\/bague-mi-lune-reglable-elegant-en-pierre-marbre\/","title":{"rendered":"Bague Mi Lune R\u00e9glable El\u00e9gant En Pierre Marbr\u00e9"},"content":{"rendered":"<p>Bague r\u00e9glable en acier inoxydable, Plaqu\u00e9 or, Pierre noir gris effet marbr\u00e9<\/p>\n","protected":false},"excerpt":{"rendered":"<p>Bague r\u00e9glable en acier inoxydable, Plaqu\u00e9 or, Pierre noir gris effet marbr\u00e9<\/p>\n","protected":false},"featured_media":434,"comment_status":"open","ping_status":"closed","template":"","meta":[],"product_cat":[20],"product_tag":[],"class_list":{"0":"post-349","1":"product","2":"type-product","3":"status-publish","4":"has-post-thumbnail","6":"product_cat-bague","7":"product_shipping_class-standard","9":"first","10":"instock","11":"taxable","12":"shipping-taxable","13":"purchasable","14":"product-type-simple"},"_links":{"self":[{"href":"https:\/\/psbijouxaccessoires.fr\/index.php\/wp-json\/wp\/v2\/product\/349","targetHints":{"allow":["GET"]}}],"collection":[{"href":"https:\/\/psbijouxaccessoires.fr\/index.php\/wp-json\/wp\/v2\/product"}],"about":[{"href":"https:\/\/psbijouxaccessoires.fr\/index.php\/wp-json\/wp\/v2\/types\/product"}],"replies":[{"embeddable":true,"href":"https:\/\/psbijouxaccessoires.fr\/index.php\/wp-json\/wp\/v2\/comments?post=349"}],"wp:featuredmedia":[{"embeddable":true,"href":"https:\/\/psbijouxaccessoires.fr\/index.php\/wp-json\/wp\/v2\/media\/434"}],"wp:attachment":[{"href":"https:\/\/psbijouxaccessoires.fr\/index.php\/wp-json\/wp\/v2\/media?parent=349"}],"wp:term":[{"taxonomy":"product_cat","embeddable":true,"href":"https:\/\/psbijouxaccessoires.fr\/index.php\/wp-json\/wp\/v2\/product_cat?post=349"},{"taxonomy":"product_tag","embeddable":true,"href":"https:\/\/psbijouxaccessoires.fr\/index.php\/wp-json\/wp\/v2\/product_tag?post=349"}],"curies":[{"name":"wp","href":"https:\/\/api.w.org\/{rel}","templated":true}]}}