{"id":269,"date":"2023-12-27T15:37:22","date_gmt":"2023-12-27T14:37:22","guid":{"rendered":"https:\/\/psbijouxaccessoires.fr\/?post_type=product&#038;p=269"},"modified":"2023-12-27T15:37:22","modified_gmt":"2023-12-27T14:37:22","slug":"collier-sunshine","status":"publish","type":"product","link":"https:\/\/psbijouxaccessoires.fr\/index.php\/produit\/collier-sunshine\/","title":{"rendered":"Collier Sunshine"},"content":{"rendered":"<p>Magnifique cha\u00eene dor\u00e9 champage, Pendentif Sunshine en strass et deux perles en \u00e9maille blanc. Taille35, Cha\u00eenette extension 5cm<\/p>\n","protected":false},"excerpt":{"rendered":"<p>Magnifique cha\u00eene dor\u00e9 champage, Pendentif Sunshine en strass et deux perles en \u00e9maille blanc. Taille35, Cha\u00eenette extension 5cm<\/p>\n","protected":false},"featured_media":271,"comment_status":"open","ping_status":"closed","template":"","meta":[],"product_cat":[19],"product_tag":[],"class_list":{"0":"post-269","1":"product","2":"type-product","3":"status-publish","4":"has-post-thumbnail","6":"product_cat-bijou","7":"product_shipping_class-standard","9":"first","10":"instock","11":"taxable","12":"shipping-taxable","13":"purchasable","14":"product-type-simple"},"_links":{"self":[{"href":"https:\/\/psbijouxaccessoires.fr\/index.php\/wp-json\/wp\/v2\/product\/269","targetHints":{"allow":["GET"]}}],"collection":[{"href":"https:\/\/psbijouxaccessoires.fr\/index.php\/wp-json\/wp\/v2\/product"}],"about":[{"href":"https:\/\/psbijouxaccessoires.fr\/index.php\/wp-json\/wp\/v2\/types\/product"}],"replies":[{"embeddable":true,"href":"https:\/\/psbijouxaccessoires.fr\/index.php\/wp-json\/wp\/v2\/comments?post=269"}],"wp:featuredmedia":[{"embeddable":true,"href":"https:\/\/psbijouxaccessoires.fr\/index.php\/wp-json\/wp\/v2\/media\/271"}],"wp:attachment":[{"href":"https:\/\/psbijouxaccessoires.fr\/index.php\/wp-json\/wp\/v2\/media?parent=269"}],"wp:term":[{"taxonomy":"product_cat","embeddable":true,"href":"https:\/\/psbijouxaccessoires.fr\/index.php\/wp-json\/wp\/v2\/product_cat?post=269"},{"taxonomy":"product_tag","embeddable":true,"href":"https:\/\/psbijouxaccessoires.fr\/index.php\/wp-json\/wp\/v2\/product_tag?post=269"}],"curies":[{"name":"wp","href":"https:\/\/api.w.org\/{rel}","templated":true}]}}